{"id":51,"date":"2025-08-12T11:28:09","date_gmt":"2025-08-12T09:28:09","guid":{"rendered":"https:\/\/digll.informatik.uni-giessen.de\/reflektieren\/front_page\/"},"modified":"2025-08-12T14:03:49","modified_gmt":"2025-08-12T12:03:49","slug":"front_page","status":"publish","type":"page","link":"https:\/\/digll.informatik.uni-giessen.de\/reflektieren\/","title":{"rendered":"Reflektieren f\u00fcr unsere Zukunft"},"content":{"rendered":"\nK\u00fcnstliche Intelligenz wird unser Leben grundlegend ver\u00e4ndern.\n\nZum ersten Mal in der Geschichte der Menschheit steht uns ein System zur Seite \u2013 oder gegen\u00fcber \u2013, das in der Lage ist, eigenst\u00e4ndig Entscheidungen zu treffen. Entscheidungen, die nicht mehr ausschlie\u00dflich auf klar definierten Regeln oder menschlichen Vorgaben beruhen, sondern auf komplexen Datenmustern, die Maschinen selbst erkennen, interpretieren und bewerten.\n\nBislang war jede Entscheidung \u2013 ob durch Menschen, Maschinen oder klassische Software getroffen \u2013 das Ergebnis klarer menschlicher Vorgaben. Journalist*innen entschieden, welche Nachrichten berichtet oder verschwiegen wurden. Banken bewilligten oder verweigerten Kredite nach festen Kriterien. Fondsmanager kauften oder verkauften Aktien auf Basis pers\u00f6nlicher Einsch\u00e4tzungen. Soldaten steuerten Panzer und trafen Entscheidungen \u00fcber Leben und Tod. Menschen verfassten Texte, schrieben B\u00fccher, entwickelten Inhalte. Immer standen Menschen hinter diesen Entscheidungen \u2013 mit Verantwortung, Intention und moralischer Orientierung.\n\nDoch das ver\u00e4ndert sich gerade in rasantem Tempo. Heute werden in all diesen Bereichen bereits KI-Systeme eingesetzt, die Entscheidungen automatisiert und oft ohne menschliches Zutun treffen: Algorithmen schlagen uns Nachrichten, Videos oder Beitr\u00e4ge vor, die unseren Blick auf die Welt formen. K\u00fcnstliche Intelligenz analysiert Finanzm\u00e4rkte und trifft in Millisekunden Kauf- und Verkaufsentscheidungen. In modernen Waffensystemen wird zunehmend auf automatisierte Zielerfassung und Entscheidungssysteme gesetzt. Und auch in der Textproduktion, im Journalismus, in der Kunst und im Alltag werden Inhalte zunehmend von Maschinen erzeugt \u2013 scheinbar kreativ, scheinbar neutral.\n\nDiese Entwicklung verl\u00e4uft so schnell, dass Gesellschaft, Recht und Ethik kaum Schritt halten k\u00f6nnen. Neue Anwendungen sind oft l\u00e4ngst Realit\u00e4t, bevor grundlegende Fragen diskutiert oder gar beantwortet werden konnten:\n<ul>\n    <li> Wer tr\u00e4gt die Verantwortung f\u00fcr Entscheidungen von KI-Systemen?<\/li>\n\n    <li>Nach welchen Ma\u00dfst\u00e4ben werden algorithmische Urteile gef\u00e4llt \u2013 und wer legt diese Ma\u00dfst\u00e4be fest?<\/li>\n\n    <li>Welche Interessen flie\u00dfen in die Systeme ein, und wer profitiert davon?<\/li>\n\n    <li>Wie l\u00e4sst sich Transparenz schaffen, wenn selbst Entwickler*innen oft nicht mehr genau erkl\u00e4ren k\u00f6nnen, warum eine KI eine bestimmte Entscheidung getroffen hat?<\/li>\n<\/ul>\nWir stehen an einem Wendepunkt. Als Gesellschaft brauchen wir mehr als nur technisches Wissen. Wir ben\u00f6tigen umfassende Kompetenzen, um mit dieser Technologie verantwortungsvoll umzugehen. Dazu geh\u00f6rt ein Verst\u00e4ndnis f\u00fcr die technischen Grundlagen, aber auch f\u00fcr die Kontexte, in denen KI eingesetzt wird \u2013 wirtschaftlich, sozial, politisch und kulturell.\n\nDoch Verstehen allein gen\u00fcgt nicht. Es ist nur der Anfang.\n\nWas wir ebenso dringend brauchen, ist die F\u00e4higkeit zur kritischen Reflexion: Die Kompetenz, zu hinterfragen, was KI-Systeme tun \u2013 und vor allem, was sie mit uns machen. Reflexion bedeutet, nicht nur nachzuvollziehen, wie ein Algorithmus funktioniert, sondern zu fragen:\n<ul>\n    <li>Welche Werte spiegeln sich in KI-Entscheidungen wider \u2013 und wessen Werte sind das?<\/li>\n\n    <li>Wie ver\u00e4ndert KI unser Selbstbild, unsere Beziehungen, unsere Vorstellung von Arbeit, Bildung und Verantwortung?<\/li>\n\n    <li>Welche R\u00e4ume bleiben f\u00fcr Menschlichkeit, Empathie, Zufall und Widerspruch?<\/li>\n<\/ul>\n\nDazu brauchen wir Bildung, Aufkl\u00e4rung, offene Diskurse \u2013 aber auch Zeit und R\u00e4ume zur Auseinandersetzung. Zeit, um innezuhalten. Um zu hinterfragen. Um gemeinsam zu \u00fcberlegen, wie wir diese Technologie gestalten wollen, bevor sie uns gestaltet.\n\nDenn nur wenn wir verstehen, was K\u00fcnstliche Intelligenz ist \u2013 und was sie nicht ist, nur wenn wir lernen, \u00fcber ihren Einsatz nachzudenken und zu urteilen, k\u00f6nnen wir als Gesellschaft selbstbestimmt dar\u00fcber entscheiden, wie wir mit ihr leben wollen \u2013 und nicht blo\u00df in einer Welt leben, die von ihr geformt wird.\n","protected":false},"excerpt":{"rendered":"<p>K\u00fcnstliche Intelligenz wird unser Leben grundlegend ver\u00e4ndern. Zum ersten Mal in der Geschichte der Menschheit steht uns ein System zur Seite \u2013 oder gegen\u00fcber \u2013, das in der Lage ist, eigenst\u00e4ndig Entscheidungen zu treffen. Entscheidungen, die nicht mehr ausschlie\u00dflich auf klar definierten Regeln oder menschlichen Vorgaben beruhen, sondern auf komplexen Datenmustern, die Maschinen selbst erkennen,&#8230; <\/p>\n","protected":false},"author":2,"featured_media":0,"parent":0,"menu_order":0,"comment_status":"closed","ping_status":"closed","template":"","meta":{"footnotes":""},"class_list":["post-51","page","type-page","status-publish","hentry"],"_links":{"self":[{"href":"https:\/\/digll.informatik.uni-giessen.de\/reflektieren\/wp-json\/wp\/v2\/pages\/51","targetHints":{"allow":["GET"]}}],"collection":[{"href":"https:\/\/digll.informatik.uni-giessen.de\/reflektieren\/wp-json\/wp\/v2\/pages"}],"about":[{"href":"https:\/\/digll.informatik.uni-giessen.de\/reflektieren\/wp-json\/wp\/v2\/types\/page"}],"author":[{"embeddable":true,"href":"https:\/\/digll.informatik.uni-giessen.de\/reflektieren\/wp-json\/wp\/v2\/users\/2"}],"replies":[{"embeddable":true,"href":"https:\/\/digll.informatik.uni-giessen.de\/reflektieren\/wp-json\/wp\/v2\/comments?post=51"}],"version-history":[{"count":7,"href":"https:\/\/digll.informatik.uni-giessen.de\/reflektieren\/wp-json\/wp\/v2\/pages\/51\/revisions"}],"predecessor-version":[{"id":111,"href":"https:\/\/digll.informatik.uni-giessen.de\/reflektieren\/wp-json\/wp\/v2\/pages\/51\/revisions\/111"}],"wp:attachment":[{"href":"https:\/\/digll.informatik.uni-giessen.de\/reflektieren\/wp-json\/wp\/v2\/media?parent=51"}],"curies":[{"name":"wp","href":"https:\/\/api.w.org\/{rel}","templated":true}]}}